202314538?
2
Calculate the highest common factor of 4230 and 10674217.
47
Calculate the highest common divisor of 21103 and 1051343.
47
What is the highest common divisor of 1657084 and 50908?
572
Calculate the greatest common divisor of 53 and 208541273.
53
Calculate the highest common factor of 1309001958 and 198.
198
Calculate the highest common factor of 759 and 1494540.
69
Calculate the highest common factor of 113082 and 2202514.
94
Calculate the greatest common factor of 504 and 3083452.
4
What is the greatest common factor of 1891237 and 39987?
1481
Calculate the highest common divisor of 1990066 and 546.
26
What is the greatest common divisor of 450 and 576927?
9
What is the greatest common divisor of 60855 and 3615?
15
Calculate the greatest common divisor of 5390 and 65701405.
2695
Calculate the greatest common divisor of 2170 and 41798540.
2170
What is the greatest common factor of 6 and 1646102?
2
Calculate the greatest common factor of 1518 and 100183722.
138
What is the highest common divisor of 320 and 62937920?
320
What is the highest common factor of 304661 and 18996257?
4291
What is the highest common factor of 640631401 and 139?
139
Calculate the highest common factor of 100908289 and 1642.
821
Calculate the highest common factor of 4168 and 458096.
8
What is the highest common factor of 12538981 and 104?
13
What is the highest common factor of 5015 and 193936?
17
What is the highest common factor of 1053633 and 668493?
2751
What is the greatest common factor of 6344964 and 5334321?
6693
What is the highest common factor of 548 and 56406188?
548
Calculate the greatest common factor of 14112 and 28340424.
3528
Calculate the greatest common divisor of 6901 and 54806.
67
What is the highest common divisor of 267 and 2140628?
89
What is the greatest common divisor of 48087 and 1730781?
351
What is the greatest common divisor of 763 and 42650937?
763
Calculate the highest common factor of 1337761243 and 861.
287
Calculate the greatest common factor of 15100 and 207776.
604
What is the greatest common factor of 71853 and 13803?
129
Calculate the highest common divisor of 27944140 and 5460.
140
What is the highest common factor of 5701989 and 149439?
1371
What is the greatest common divisor of 4323 and 2664147?
393
What is the greatest common factor of 162 and 20787768?
18
Calculate the greatest common factor of 4755456 and 20898.
2322
What is the greatest common divisor of 3721985 and 55?
5
What is the highest common divisor of 36917 and 12283177?
1273
What is the highest common divisor of 84855 and 12615?
15
What is the greatest common factor of 59942 and 249526?
1394
Calculate the highest common divisor of 169923954 and 26220.
2622
Calculate the greatest common divisor of 37884 and 53130.
462
Calculate the greatest common factor of 36 and 289544316.
12
What is the highest common factor of 24 and 21903776?
8
Calculate the greatest common divisor of 40739216 and 267.
89
Calculate the highest common divisor of 9293087 and 6014.
31
What is the highest common divisor of 334831 and 769916?
217
Calculate the greatest common divisor of 1248 and 27423136.
416
Calculate the highest common factor of 5332 and 15840856.
172
What is the highest common factor of 71215 and 1795?
5
Calculate the highest common divisor of 28070 and 1440.
10
What is the greatest common divisor of 631837 and 250408?
277
Calculate the highest common divisor of 295378300 and 140.
140
Calculate the greatest common factor of 258192 and 40.
8
What is the highest common factor of 76 and 9902078?
38
Calculate the greatest common divisor of 2424 and 804168.
24
What is the highest common factor of 8279593 and 2882?
131
Calculate the highest common divisor of 3466848 and 35.
7
What is the greatest common factor of 721 and 280705488?
721
What is the highest common divisor of 13775545 and 203?
7
What is the highest common factor of 518 and 250265854?
74
Calculate the greatest common factor of 82499 and 521.
1
Calculate the highest common factor of 960518 and 117.
13
What is the highest common divisor of 124658466 and 18?
6
What is the highest common factor of 1766475288 and 24?
24
What is the greatest common divisor of 2022252 and 3035724?
4692
Calculate the highest common factor of 5479536 and 1968.
48
What is the greatest common factor of 608398 and 45794?
14
What is the highest common divisor of 144 and 9524304?
144
Calculate the greatest common divisor of 304 and 1336574.
38
Calculate the highest common factor of 45522833 and 205.
41
What is the greatest common divisor of 1353471 and 2814?
21
What is the highest common factor of 41 and 93554333?
41
What is the highest common factor of 1713 and 77052?
3
Calculate the greatest common factor of 1368960 and 7935.
345
Calculate the highest common factor of 41510313 and 35945.
1027
What is the highest common factor of 422145 and 410697?
1431
Calculate the greatest common divisor of 92957135 and 4790.
2395
What is the highest common factor of 126 and 58354218?
18
What is the highest common divisor of 437780 and 32620?
140
Calculate the highest common divisor of 1055 and 33816126.
211
Calculate the highest common divisor of 5642514 and 54.
54
What is the highest common factor of 59710530 and 1380?
690
What is the greatest common factor of 890 and 965830?
10
What is the greatest common divisor of 418873 and 7189?
91
Calculate the greatest common factor of 103662 and 36504.
234
Calculate the greatest common divisor of 1272 and 237292024.
424
Calculate the greatest common divisor of 145980 and 9444.
12
Calculate the highest common factor of 592 and 33314948.
148
Calculate the highest common factor of 17617 and 49375322.
223
What is the greatest common factor of 35028036 and 240?
12
What is the highest common divisor of 1356 and 2341884?
12
What is the greatest common divisor of 80 and 4184100?
20
What is the greatest common divisor of 49767405 and 150?
15
Calculate the highest common divisor of 742 and 22724863.
371
What is the highest common divisor of 32 and 400825216?
32
What is the highest common factor of 45120 and 39010?
470
Calculate the greatest common divisor of 429 and 2320747.
143
Calculate the greatest common divisor of 95 and 562333937.
19
Calculate the greatest common divisor of 48 and 643737648.
48
Calculate the highest common factor of 633705798 and 8349.
8349
What is the highest common divisor of 2964 and 190334742?
1482
Calculate the greatest common factor of 51 and 1329289772.
17
Calculate the highest common factor of 34008 and 4857258.
654
Calculate the greatest common divisor of 452 and 1513741220.
452
Calculate the highest common factor of 748520215 and 21795.
7265
Calculate the highest common divisor of 64888239 and 382.
191
Calculate the greatest common divisor of 370 and 611670.
10
What is the highest common divisor of 4500 and 29196?
36
What is the highest common factor of 51880 and 30180?
20
What is the highest common divisor of 1567424 and 15200?
608
What is the greatest common divisor of 15 and 306585?
15
What is the highest common factor of 1880 and 171332860?
940
What is the greatest common factor of 960 and 8849955?
15
What is the highest common divisor of 27330656 and 224?
32
Calculate the highest common divisor of 399 and 137219334.
21
What is the highest common divisor of 3426 and 2392490?
1142
What is the highest common divisor of 2178 and 1716462?
198
Calculate the greatest common divisor of 22860 and 11850.
30
Calculate the highest common divisor of 856128 and 12012.
1092
What is the greatest common factor of 32262 and 78888?
114
What is the highest common divisor of 1165919 and 25?
1
What is the highest common divisor of 593247 and 109771?
31
Calculate the highest common divisor of 296 and 45680.
8
Calculate the greatest common factor of 241740 and 98260.
340
What is the highest common divisor of 761310 and 296834?
1538
Calculate the greatest common divisor of 5812055 and 15.
5
Calculate the greatest common divisor of 1209727 and 19750.
79
What is the highest common divisor of 5079 and 125320939?
1693
Calculate the highest common factor of 187259635 and 5.
5
What is the greatest common divisor of 12501620 and 55948?
788
What is the highest common divisor of 1075 and 6142163?
43
Calculate t